{"id":517,"date":"2016-09-19T12:38:41","date_gmt":"2016-09-19T10:38:41","guid":{"rendered":"http:\/\/mathsolutions.it\/site\/?page_id=517"},"modified":"2026-03-02T12:31:09","modified_gmt":"2026-03-02T11:31:09","slug":"chi-siamo-specialisti-ecommerce","status":"publish","type":"page","link":"https:\/\/mathsolutions.it\/site\/chi-siamo-specialisti-ecommerce\/","title":{"rendered":"Chi siamo &#8211; specialisti ecommerce"},"content":{"rendered":"\n<style type=\"text\/css\" data-created_by=\"avia_inline_auto\" id=\"style-css-av-z8bcl-5085e871a3d2d5d84d17061242efd693\">\n.flex_column.av-z8bcl-5085e871a3d2d5d84d17061242efd693{\nborder-radius:0px 0px 0px 0px;\npadding:0px 0px 0px 0px;\n}\n<\/style>\n<div  class='flex_column av-z8bcl-5085e871a3d2d5d84d17061242efd693 av_one_full  avia-builder-el-0  el_before_av_one_full  avia-builder-el-first  first flex_column_div av-zero-column-padding  '     ><section  class='av_textblock_section av-jtpnkiao-bf4e2d95ee8f9d7749905f676c4dd95e '   itemscope=\"itemscope\" itemtype=\"https:\/\/schema.org\/CreativeWork\" ><div class='avia_textblock'  itemprop=\"text\" ><p><img loading=\"lazy\" decoding=\"async\" class=\"wp-image-4164 size-full alignright\" style=\"margin: 30px;\" src=\"https:\/\/mathsolutions.it\/site\/wp-content\/uploads\/2026\/02\/alberto-palestini-2026.webp\" alt=\"\" width=\"600\" height=\"600\" \/><\/p>\n<h1 data-path-to-node=\"5\">Esperti in E-commerce: L&#8217;Approccio Analitico di MathSolutions<\/h1>\n<p data-path-to-node=\"6\">Perch\u00e9 <b data-path-to-node=\"6\" data-index-in-node=\"7\">MathSolutions<\/b>? Perch\u00e9 nel mondo dell&#8217;e-commerce, i numeri non sono un&#8217;opinione e il successo non \u00e8 frutto di improvvisazione. Abbiamo scelto questo nome perch\u00e9 crediamo in un <b data-path-to-node=\"6\" data-index-in-node=\"182\">metodo rigoroso e scientifico<\/b>: ogni sfida tecnica o di business viene scomposta, analizzata e risolta con la precisione di un\u2019equazione matematica.<\/p>\n<p data-path-to-node=\"7\">Scegliere MathSolutions significa affidarsi a una competenza costruita sullo studio e sulla logica, garantendo soluzioni solide, scalabili e prive di incertezze.<\/p>\n<h3 data-path-to-node=\"8\">Esperienza e Visione Strategica<\/h3>\n<p data-path-to-node=\"9\">Benvenuti, sono <b data-path-to-node=\"9\" data-index-in-node=\"16\">Alberto Palestini<\/b>. La mia strada nel mondo digitale \u00e8 iniziata con una Laurea Magistrale in Ingegneria Elettronica presso l\u2019Universit\u00e0 Politecnica delle Marche, dove ho approfondito lo sviluppo e la sicurezza delle piattaforme e-commerce.<\/p>\n<p data-path-to-node=\"10\">Con <b data-path-to-node=\"10\" data-index-in-node=\"4\">quasi 20 anni di esperienza<\/b> sul campo, ho guidato la crescita di numerosi progetti digitali, padroneggiando i principali CMS del mercato:<\/p>\n<ul data-path-to-node=\"11\">\n<li>\n<p data-path-to-node=\"11,0,0\"><b data-path-to-node=\"11,0,0\" data-index-in-node=\"0\">Piattaforme consolidate:<\/b> Esperto nello sviluppo e gestione su <i data-path-to-node=\"11,0,0\" data-index-in-node=\"62\">Opencart, Prestashop, WooCommerce<\/i> e <i data-path-to-node=\"11,0,0\" data-index-in-node=\"98\">Magento<\/i>.<\/p>\n<\/li>\n<li>\n<p data-path-to-node=\"11,1,0\"><b data-path-to-node=\"11,1,0\" data-index-in-node=\"0\">Soluzioni d&#8217;avanguardia:<\/b> Specialista nell&#8217;implementazione di tecnologie innovative e performanti come <i data-path-to-node=\"11,1,0\" data-index-in-node=\"102\">Shopware<\/i> e framework headless\/moderni quali <i data-path-to-node=\"11,1,0\" data-index-in-node=\"146\">Aimeos<\/i> e <i data-path-to-node=\"11,1,0\" data-index-in-node=\"155\">Sylius<\/i>.<\/p>\n<\/li>\n<\/ul>\n<h3 data-path-to-node=\"12\">Il Nostro Metodo, Il Tuo Risultato<\/h3>\n<p data-path-to-node=\"13\">Il mio obiettivo non \u00e8 solo &#8220;creare un sito&#8221;, ma supportare le aziende nella <b data-path-to-node=\"13\" data-index-in-node=\"77\">crescita costante del business online<\/b>. Credo fermamente che una solida base informativa e una pianificazione analitica siano gli unici strumenti in grado di trasformare gli investimenti in traguardi misurabili.<\/p>\n<blockquote data-path-to-node=\"14\">\n<p data-path-to-node=\"14,0\"><b data-path-to-node=\"14,0\" data-index-in-node=\"0\">La tua attivit\u00e0 merita una struttura impeccabile. Non lasciare il tuo successo al caso, affidati al metodo matematico.<\/b><\/p>\n<\/blockquote>\n<p>Se vuoi avere maggiori informazioni su di me, ti prego di consultare anche il mio profilo <a href=\"https:\/\/www.linkedin.com\/in\/alberto-palestini-114001a3\/\" target=\"_blank\" rel=\"noopener noreferrer\">LinkedIn<\/a>.<\/p>\n<\/div><\/section><\/div>\n<style type=\"text\/css\" data-created_by=\"avia_inline_auto\" id=\"style-css-av-9km9h-35c13ba1d2a95be295e4d76d8a191138\">\n.flex_column.av-9km9h-35c13ba1d2a95be295e4d76d8a191138{\nborder-radius:0px 0px 0px 0px;\npadding:0px 0px 0px 0px;\n}\n<\/style>\n<div  class='flex_column av-9km9h-35c13ba1d2a95be295e4d76d8a191138 av_one_full  avia-builder-el-2  el_after_av_one_full  el_before_av_image  first flex_column_div av-zero-column-padding  column-top-margin'     ><style type=\"text\/css\" data-created_by=\"avia_inline_auto\" id=\"style-css-av-jv27068x-37aa62e1eff1d96cf75d830c7349167f\">\n#top .av-special-heading.av-jv27068x-37aa62e1eff1d96cf75d830c7349167f{\npadding-bottom:10px;\n}\nbody .av-special-heading.av-jv27068x-37aa62e1eff1d96cf75d830c7349167f .av-special-heading-tag .heading-char{\nfont-size:25px;\n}\n.av-special-heading.av-jv27068x-37aa62e1eff1d96cf75d830c7349167f .av-subheading{\nfont-size:15px;\n}\n<\/style>\n<div  class='av-special-heading av-jv27068x-37aa62e1eff1d96cf75d830c7349167f av-special-heading-h3  avia-builder-el-3  avia-builder-el-no-sibling '><h3 class='av-special-heading-tag'  itemprop=\"headline\"  >I nostri Partners<\/h3><div class=\"special-heading-border\"><div class=\"special-heading-inner-border\"><\/div><\/div><\/div><\/div><\/p>\n\n<style type=\"text\/css\" data-created_by=\"avia_inline_auto\" id=\"style-css-av-jv271hwy-a85dfa5a7f11aa5105354858f4bb2d17\">\n.avia-image-container.av-jv271hwy-a85dfa5a7f11aa5105354858f4bb2d17 img.avia_image{\nbox-shadow:none;\n}\n.avia-image-container.av-jv271hwy-a85dfa5a7f11aa5105354858f4bb2d17 .av-image-caption-overlay-center{\ncolor:#ffffff;\n}\n<\/style>\n<div  class='avia-image-container av-jv271hwy-a85dfa5a7f11aa5105354858f4bb2d17 av-styling- av-img-linked avia-align-left  avia-builder-el-4  el_after_av_one_full  el_before_av_image '   itemprop=\"image\" itemscope=\"itemscope\" itemtype=\"https:\/\/schema.org\/ImageObject\" ><div class=\"avia-image-container-inner\"><div class=\"avia-image-overlay-wrap\"><a href=\"https:\/\/bistrocreativo.it\/\" class='avia_image ' target=\"_blank\" rel=\"noopener noreferrer\" aria-label='bistrocreativo'><img decoding=\"async\" fetchpriority=\"high\" class='wp-image-4351 avia-img-lazy-loading-not-4351 avia_image ' src=\"https:\/\/mathsolutions.it\/site\/wp-content\/uploads\/2019\/04\/bistrocreativo.png\" alt='' title='bistrocreativo'  height=\"100\" width=\"90\"  itemprop=\"thumbnailUrl\"  \/><\/a><\/div><\/div><\/div>\n\n<style type=\"text\/css\" data-created_by=\"avia_inline_auto\" id=\"style-css-av-jv27217m-3cb4cb8532a42d50966eaae1b76886e1\">\n.avia-image-container.av-jv27217m-3cb4cb8532a42d50966eaae1b76886e1 img.avia_image{\nbox-shadow:none;\n}\n.avia-image-container.av-jv27217m-3cb4cb8532a42d50966eaae1b76886e1 .av-image-caption-overlay-center{\ncolor:#ffffff;\n}\n<\/style>\n<div  class='avia-image-container av-jv27217m-3cb4cb8532a42d50966eaae1b76886e1 av-styling- av-img-linked avia-align-left  avia-builder-el-5  el_after_av_image  avia-builder-el-last '   itemprop=\"image\" itemscope=\"itemscope\" itemtype=\"https:\/\/schema.org\/ImageObject\" ><div class=\"avia-image-container-inner\"><div class=\"avia-image-overlay-wrap\"><a href=\"https:\/\/milanoideas.com\/\" class='avia_image ' target=\"_blank\" rel=\"noopener noreferrer\" aria-label='milanoideas'><img decoding=\"async\" fetchpriority=\"high\" class='wp-image-4352 avia-img-lazy-loading-not-4352 avia_image ' src=\"https:\/\/mathsolutions.it\/site\/wp-content\/uploads\/2019\/04\/milanoideas.png\" alt='' title='milanoideas'  height=\"100\" width=\"83\"  itemprop=\"thumbnailUrl\"  \/><\/a><\/div><\/div><\/div>\n","protected":false},"excerpt":{"rendered":"","protected":false},"author":1,"featured_media":0,"parent":0,"menu_order":0,"comment_status":"closed","ping_status":"closed","template":"","meta":{"jetpack_post_was_ever_published":false,"_glsr_average":0,"_glsr_ranking":0,"_glsr_reviews":0,"footnotes":""},"class_list":["post-517","page","type-page","status-publish","hentry"],"yoast_head":"<!-- This site is optimized with the Yoast SEO plugin v27.4 - https:\/\/yoast.com\/product\/yoast-seo-wordpress\/ -->\n<title>Alberto Palestini | Esperto E-commerce e Fondatore MathSolutions<\/title>\n<meta name=\"description\" content=\"Scopri l&#039;approccio ingegneristico\/analitico di Alberto Palestini nello sviluppo e-commerce. Quasi 20 anni di esperienza.\" \/>\n<meta name=\"robots\" content=\"index, follow, max-snippet:-1, max-image-preview:large, max-video-preview:-1\" \/>\n<link rel=\"canonical\" href=\"https:\/\/mathsolutions.it\/site\/chi-siamo-specialisti-ecommerce\/\" \/>\n<meta property=\"og:locale\" content=\"it_IT\" \/>\n<meta property=\"og:type\" content=\"article\" \/>\n<meta property=\"og:title\" content=\"Alberto Palestini | Esperto E-commerce e Fondatore MathSolutions\" \/>\n<meta property=\"og:description\" content=\"Scopri l&#039;approccio ingegneristico\/analitico di Alberto Palestini nello sviluppo e-commerce. Quasi 20 anni di esperienza.\" \/>\n<meta property=\"og:url\" content=\"https:\/\/mathsolutions.it\/site\/chi-siamo-specialisti-ecommerce\/\" \/>\n<meta property=\"og:site_name\" content=\"mathsolutions\" \/>\n<meta property=\"article:publisher\" content=\"https:\/\/www.facebook.com\/mathsolutions.it\/\" \/>\n<meta property=\"article:modified_time\" content=\"2026-03-02T11:31:09+00:00\" \/>\n<meta property=\"og:image\" content=\"https:\/\/mathsolutions.it\/site\/wp-content\/uploads\/2019\/03\/alberto-palestini.png\" \/>\n\t<meta property=\"og:image:width\" content=\"200\" \/>\n\t<meta property=\"og:image:height\" content=\"200\" \/>\n\t<meta property=\"og:image:type\" content=\"image\/png\" \/>\n<meta name=\"twitter:card\" content=\"summary_large_image\" \/>\n<meta name=\"twitter:label1\" content=\"Tempo di lettura stimato\" \/>\n\t<meta name=\"twitter:data1\" content=\"2 minuti\" \/>\n<script type=\"application\/ld+json\" class=\"yoast-schema-graph\">{\"@context\":\"https:\\\/\\\/schema.org\",\"@graph\":[{\"@type\":\"WebPage\",\"@id\":\"https:\\\/\\\/mathsolutions.it\\\/site\\\/chi-siamo-specialisti-ecommerce\\\/\",\"url\":\"https:\\\/\\\/mathsolutions.it\\\/site\\\/chi-siamo-specialisti-ecommerce\\\/\",\"name\":\"Alberto Palestini | Esperto E-commerce e Fondatore MathSolutions\",\"isPartOf\":{\"@id\":\"https:\\\/\\\/mathsolutions.it\\\/site\\\/#website\"},\"primaryImageOfPage\":{\"@id\":\"https:\\\/\\\/mathsolutions.it\\\/site\\\/chi-siamo-specialisti-ecommerce\\\/#primaryimage\"},\"image\":{\"@id\":\"https:\\\/\\\/mathsolutions.it\\\/site\\\/chi-siamo-specialisti-ecommerce\\\/#primaryimage\"},\"thumbnailUrl\":\"https:\\\/\\\/mathsolutions.it\\\/site\\\/wp-content\\\/uploads\\\/2026\\\/02\\\/alberto-palestini-2026.webp\",\"datePublished\":\"2016-09-19T10:38:41+00:00\",\"dateModified\":\"2026-03-02T11:31:09+00:00\",\"description\":\"Scopri l'approccio ingegneristico\\\/analitico di Alberto Palestini nello sviluppo e-commerce. Quasi 20 anni di esperienza.\",\"breadcrumb\":{\"@id\":\"https:\\\/\\\/mathsolutions.it\\\/site\\\/chi-siamo-specialisti-ecommerce\\\/#breadcrumb\"},\"inLanguage\":\"it-IT\",\"potentialAction\":[{\"@type\":\"ReadAction\",\"target\":[\"https:\\\/\\\/mathsolutions.it\\\/site\\\/chi-siamo-specialisti-ecommerce\\\/\"]}]},{\"@type\":\"ImageObject\",\"inLanguage\":\"it-IT\",\"@id\":\"https:\\\/\\\/mathsolutions.it\\\/site\\\/chi-siamo-specialisti-ecommerce\\\/#primaryimage\",\"url\":\"https:\\\/\\\/mathsolutions.it\\\/site\\\/wp-content\\\/uploads\\\/2019\\\/03\\\/alberto-palestini.png\",\"contentUrl\":\"https:\\\/\\\/mathsolutions.it\\\/site\\\/wp-content\\\/uploads\\\/2019\\\/03\\\/alberto-palestini.png\",\"width\":200,\"height\":200},{\"@type\":\"BreadcrumbList\",\"@id\":\"https:\\\/\\\/mathsolutions.it\\\/site\\\/chi-siamo-specialisti-ecommerce\\\/#breadcrumb\",\"itemListElement\":[{\"@type\":\"ListItem\",\"position\":1,\"name\":\"Home\",\"item\":\"https:\\\/\\\/mathsolutions.it\\\/site\\\/\"},{\"@type\":\"ListItem\",\"position\":2,\"name\":\"Chi siamo &#8211; specialisti ecommerce\"}]},{\"@type\":\"WebSite\",\"@id\":\"https:\\\/\\\/mathsolutions.it\\\/site\\\/#website\",\"url\":\"https:\\\/\\\/mathsolutions.it\\\/site\\\/\",\"name\":\"mathsolutions\",\"description\":\"software for your business\",\"publisher\":{\"@id\":\"https:\\\/\\\/mathsolutions.it\\\/site\\\/#organization\"},\"potentialAction\":[{\"@type\":\"SearchAction\",\"target\":{\"@type\":\"EntryPoint\",\"urlTemplate\":\"https:\\\/\\\/mathsolutions.it\\\/site\\\/?s={search_term_string}\"},\"query-input\":{\"@type\":\"PropertyValueSpecification\",\"valueRequired\":true,\"valueName\":\"search_term_string\"}}],\"inLanguage\":\"it-IT\"},{\"@type\":\"Organization\",\"@id\":\"https:\\\/\\\/mathsolutions.it\\\/site\\\/#organization\",\"name\":\"mathsolutions\",\"url\":\"https:\\\/\\\/mathsolutions.it\\\/site\\\/\",\"logo\":{\"@type\":\"ImageObject\",\"inLanguage\":\"it-IT\",\"@id\":\"https:\\\/\\\/mathsolutions.it\\\/site\\\/#\\\/schema\\\/logo\\\/image\\\/\",\"url\":\"https:\\\/\\\/mathsolutions.it\\\/site\\\/wp-content\\\/uploads\\\/2016\\\/09\\\/logo-fatture.png\",\"contentUrl\":\"https:\\\/\\\/mathsolutions.it\\\/site\\\/wp-content\\\/uploads\\\/2016\\\/09\\\/logo-fatture.png\",\"width\":200,\"height\":100,\"caption\":\"mathsolutions\"},\"image\":{\"@id\":\"https:\\\/\\\/mathsolutions.it\\\/site\\\/#\\\/schema\\\/logo\\\/image\\\/\"},\"sameAs\":[\"https:\\\/\\\/www.facebook.com\\\/mathsolutions.it\\\/\",\"https:\\\/\\\/it.linkedin.com\\\/in\\\/alberto-palestini-114001a3\"]}]}<\/script>\n<!-- \/ Yoast SEO plugin. -->","yoast_head_json":{"title":"Alberto Palestini | Esperto E-commerce e Fondatore MathSolutions","description":"Scopri l'approccio ingegneristico\/analitico di Alberto Palestini nello sviluppo e-commerce. Quasi 20 anni di esperienza.","robots":{"index":"index","follow":"follow","max-snippet":"max-snippet:-1","max-image-preview":"max-image-preview:large","max-video-preview":"max-video-preview:-1"},"canonical":"https:\/\/mathsolutions.it\/site\/chi-siamo-specialisti-ecommerce\/","og_locale":"it_IT","og_type":"article","og_title":"Alberto Palestini | Esperto E-commerce e Fondatore MathSolutions","og_description":"Scopri l'approccio ingegneristico\/analitico di Alberto Palestini nello sviluppo e-commerce. Quasi 20 anni di esperienza.","og_url":"https:\/\/mathsolutions.it\/site\/chi-siamo-specialisti-ecommerce\/","og_site_name":"mathsolutions","article_publisher":"https:\/\/www.facebook.com\/mathsolutions.it\/","article_modified_time":"2026-03-02T11:31:09+00:00","og_image":[{"width":200,"height":200,"url":"https:\/\/mathsolutions.it\/site\/wp-content\/uploads\/2019\/03\/alberto-palestini.png","type":"image\/png"}],"twitter_card":"summary_large_image","twitter_misc":{"Tempo di lettura stimato":"2 minuti"},"schema":{"@context":"https:\/\/schema.org","@graph":[{"@type":"WebPage","@id":"https:\/\/mathsolutions.it\/site\/chi-siamo-specialisti-ecommerce\/","url":"https:\/\/mathsolutions.it\/site\/chi-siamo-specialisti-ecommerce\/","name":"Alberto Palestini | Esperto E-commerce e Fondatore MathSolutions","isPartOf":{"@id":"https:\/\/mathsolutions.it\/site\/#website"},"primaryImageOfPage":{"@id":"https:\/\/mathsolutions.it\/site\/chi-siamo-specialisti-ecommerce\/#primaryimage"},"image":{"@id":"https:\/\/mathsolutions.it\/site\/chi-siamo-specialisti-ecommerce\/#primaryimage"},"thumbnailUrl":"https:\/\/mathsolutions.it\/site\/wp-content\/uploads\/2026\/02\/alberto-palestini-2026.webp","datePublished":"2016-09-19T10:38:41+00:00","dateModified":"2026-03-02T11:31:09+00:00","description":"Scopri l'approccio ingegneristico\/analitico di Alberto Palestini nello sviluppo e-commerce. Quasi 20 anni di esperienza.","breadcrumb":{"@id":"https:\/\/mathsolutions.it\/site\/chi-siamo-specialisti-ecommerce\/#breadcrumb"},"inLanguage":"it-IT","potentialAction":[{"@type":"ReadAction","target":["https:\/\/mathsolutions.it\/site\/chi-siamo-specialisti-ecommerce\/"]}]},{"@type":"ImageObject","inLanguage":"it-IT","@id":"https:\/\/mathsolutions.it\/site\/chi-siamo-specialisti-ecommerce\/#primaryimage","url":"https:\/\/mathsolutions.it\/site\/wp-content\/uploads\/2019\/03\/alberto-palestini.png","contentUrl":"https:\/\/mathsolutions.it\/site\/wp-content\/uploads\/2019\/03\/alberto-palestini.png","width":200,"height":200},{"@type":"BreadcrumbList","@id":"https:\/\/mathsolutions.it\/site\/chi-siamo-specialisti-ecommerce\/#breadcrumb","itemListElement":[{"@type":"ListItem","position":1,"name":"Home","item":"https:\/\/mathsolutions.it\/site\/"},{"@type":"ListItem","position":2,"name":"Chi siamo &#8211; specialisti ecommerce"}]},{"@type":"WebSite","@id":"https:\/\/mathsolutions.it\/site\/#website","url":"https:\/\/mathsolutions.it\/site\/","name":"mathsolutions","description":"software for your business","publisher":{"@id":"https:\/\/mathsolutions.it\/site\/#organization"},"potentialAction":[{"@type":"SearchAction","target":{"@type":"EntryPoint","urlTemplate":"https:\/\/mathsolutions.it\/site\/?s={search_term_string}"},"query-input":{"@type":"PropertyValueSpecification","valueRequired":true,"valueName":"search_term_string"}}],"inLanguage":"it-IT"},{"@type":"Organization","@id":"https:\/\/mathsolutions.it\/site\/#organization","name":"mathsolutions","url":"https:\/\/mathsolutions.it\/site\/","logo":{"@type":"ImageObject","inLanguage":"it-IT","@id":"https:\/\/mathsolutions.it\/site\/#\/schema\/logo\/image\/","url":"https:\/\/mathsolutions.it\/site\/wp-content\/uploads\/2016\/09\/logo-fatture.png","contentUrl":"https:\/\/mathsolutions.it\/site\/wp-content\/uploads\/2016\/09\/logo-fatture.png","width":200,"height":100,"caption":"mathsolutions"},"image":{"@id":"https:\/\/mathsolutions.it\/site\/#\/schema\/logo\/image\/"},"sameAs":["https:\/\/www.facebook.com\/mathsolutions.it\/","https:\/\/it.linkedin.com\/in\/alberto-palestini-114001a3"]}]}},"jetpack_sharing_enabled":true,"jetpack_shortlink":"https:\/\/wp.me\/PaNulR-8l","_links":{"self":[{"href":"https:\/\/mathsolutions.it\/site\/wp-json\/wp\/v2\/pages\/517","targetHints":{"allow":["GET"]}}],"collection":[{"href":"https:\/\/mathsolutions.it\/site\/wp-json\/wp\/v2\/pages"}],"about":[{"href":"https:\/\/mathsolutions.it\/site\/wp-json\/wp\/v2\/types\/page"}],"author":[{"embeddable":true,"href":"https:\/\/mathsolutions.it\/site\/wp-json\/wp\/v2\/users\/1"}],"replies":[{"embeddable":true,"href":"https:\/\/mathsolutions.it\/site\/wp-json\/wp\/v2\/comments?post=517"}],"version-history":[{"count":19,"href":"https:\/\/mathsolutions.it\/site\/wp-json\/wp\/v2\/pages\/517\/revisions"}],"predecessor-version":[{"id":11429,"href":"https:\/\/mathsolutions.it\/site\/wp-json\/wp\/v2\/pages\/517\/revisions\/11429"}],"wp:attachment":[{"href":"https:\/\/mathsolutions.it\/site\/wp-json\/wp\/v2\/media?parent=517"}],"curies":[{"name":"wp","href":"https:\/\/api.w.org\/{rel}","templated":true}]}}